vide 365085?
True
Is 6 a factor of 138702?
True
Is 513 a factor of 742174?
False
Does 22 divide 70906?
True
Is 7 a factor of 267694?
True
Is 200549 a multiple of 151?
False
Is 24 a factor of 1656929?
False
Is 1387359 a multiple of 3?
True
Is 2380010 a multiple of 12?
False
Is 181 a factor of 7396996?
False
Does 10 divide 13471370?
True
Is 124527 a multiple of 17?
False
Is 2819112 a multiple of 4?
True
Does 67 divide 465933?
False
Is 108975 a multiple of 75?
True
Does 98 divide 15355?
False
Is 76 a factor of 480355?
False
Is 380826 a multiple of 9?
True
Does 25 divide 5759375?
True
Is 267 a factor of 1659510?
False
Is 394639 a multiple of 2?
False
Is 34605 a multiple of 358?
False
Does 1562 divide 8890904?
True
Is 2657615 a multiple of 23?
False
Does 25 divide 235750?
True
Is 25467 a multiple of 51?
False
Is 2095829 a multiple of 20?
False
Does 54 divide 762972?
False
Does 887 divide 519346?
False
Is 49 a factor of 1995159?
False
Is 1267851 a multiple of 150?
False
Does 75 divide 561675?
True
Is 264190 a multiple of 290?
True
Is 189 a factor of 1096910?
False
Does 229 divide 769669?
True
Is 574807 a multiple of 64?
False
Does 11 divide 796328?
False
Does 59 divide 1261302?
True
Is 33 a factor of 203247?
True
Is 10233967 a multiple of 179?
True
Is 54351 a multiple of 171?
False
Is 760874 a multiple of 170?
False
Does 42 divide 4349772?
True
Does 9 divide 194526?
True
Is 760606 a multiple of 22?
True
Does 130 divide 3189680?
True
Does 39 divide 622440?
True
Does 96 divide 1460928?
True
Is 132 a factor of 209220?
True
Is 19 a factor of 1210357?
True
Is 3238719 a multiple of 22?
False
Is 10 a factor of 945493?
False
Does 18 divide 3424636?
False
Does 187 divide 1459262?
False
Does 6 divide 732510?
True
Does 109 divide 529001?
False
Is 38149 a multiple of 22?
False
Is 155 a factor of 90502?
False
Is 48 a factor of 11712?
True
Is 8801016 a multiple of 14?
True
Is 363653 a multiple of 66?
False
Is 27 a factor of 146961?
True
Is 54056 a multiple of 93?
False
Is 679889 a multiple of 45?
False
Is 6 a factor of 286597?
False
Is 424202 a multiple of 3?
False
Is 74 a factor of 576978?
True
Is 1716721 a multiple of 29?
False
Does 3 divide 824607?
True
Is 17 a factor of 476187?
True
Is 2899022 a multiple of 563?
False
Does 9 divide 43308?
True
Does 1136 divide 836069?
False
Is 329065 a multiple of 155?
True
Does 16 divide 283248?
True
Is 34 a factor of 101796?
True
Is 145 a factor of 60030?
True
Is 2978085 a multiple of 15?
True
Is 73138 a multiple of 26?
True
Does 52 divide 221416?
True
Is 51 a factor of 2741705?
False
Is 571496 a multiple of 28?
False
Does 15 divide 670605?
True
Does 13 divide 711665?
False
Is 358883 a multiple of 167?
True
Is 224592 a multiple of 24?
True
Is 7 a factor of 914?
False
Does 75 divide 1179480?
False
Is 6253760 a multiple of 320?
True
Is 2710638 a multiple of 378?
True
Is 1549452 a multiple of 6?
True
Is 3483722 a multiple of 316?
False
Is 74193 a multiple of 21?
True
Is 2784495 a multiple of 161?
True
Is 189380 a multiple of 5?
True
Is 224 a factor of 69664?
True
Does 13 divide 19486?
False
Is 238669 a multiple of 31?
True
Does 533 divide 228124?
True
Is 286 a factor of 3761758?
True
Is 148 a factor of 452140?
True
Is 26 a factor of 4226357?
False
Is 15 a factor of 1021452?
False
Is 220 a factor of 215600?
True
Does 35 divide 165613?
False
Is 20 a factor of 166960?
True
Is 3715502 a multiple of 41?
True
Is 44 a factor of 258420?
False
Is 741221 a multiple of 83?
False
Is 193468 a multiple of 4?
True
Does 39 divide 271193?
False
Is 1076462 a multiple of 43?
True
Is 205 a factor of 1595515?
True
Is 7489030 a multiple of 822?
False
Is 420 a factor of 3557504?
False
Is 54 a factor of 2041686?
True
Is 847 a factor of 902164?
False
Is 23 a factor of 189727?
True
Does 50 divide 88620?
False
Is 13 a factor of 125897?
False
Is 76 a factor of 6373208?
True
Is 134 a factor of 2222122?
True
Does 10 divide 8550640?
True
Is 196 a factor of 371888?
False
Does 154 divide 758190?
False
Does 45 divide 2372760?
True
Is 10 a factor of 18520?
True
Is 8 a factor of 6470304?
True
Does 3 divide 383574?
True
Does 22 divide 29856963?
False
Does 653 divide 609551?
False
Does 4 divide 6878?
False
Is 3297949 a multiple of 17?
True
Is 361788 a multiple of 7?
True
Is 2983307 a multiple of 10?
False
Does 14 divide 80150?
True
Is 219 a factor of 19510710?
True
Is 1060668 a multiple of 122?
True
Is 137 a factor of 178103?
False
Is 721 a factor of 1748355?
False
Does 17 divide 1229530?
False
Does 185 divide 1196561?
False
Is 1774000 a multiple of 20?
True
Does 19 divide 1113780?
True
Does 72 divide 64647?
False
Is 1907880 a multiple of 22?
False
Is 702 a factor of 7020?
True
Is 220 a factor of 2370113?
False
Does 203 divide 244412?
True
Does 67 divide 9278093?
True
Is 11958261 a multiple of 1507?
False
Is 4341855 a multiple of 21?
True
Does 185 divide 1690670?
False
Is 146124 a multiple of 41?
True
Does 52 divide 83404?
False
Is 24 a factor of 11184?
True
Does 298 divide 6306957?
False
Does 1408 divide 788480?
True
Does 19 divide 11007?
False
Is 149 a factor of 28727?
False
Does 48 divide 816023?
False
Does 23 divide 315642?
False
Is 287 a factor of 639150?
False
Is 894162 a multiple of 3?
True
Does 21 divide 110145?
True
Does 16 divide 2313731?
False
Does 307 divide 335197?
False
Does 155 divide 66888?
False
Is 41480 a multiple of 17?
True
Does 38 divide 27778?
True
Is 74 a factor of 309764?
True
Does 449 divide 644315?
True
Does 141 divide 105774?
False
Is 213198 a multiple of 6?
True
Is 2899248 a multiple of 1496?
True
Is 16608 a multiple of 24?
True
Does 201 divide 843771?
False
Is 6710023 a multiple of 7?
False
Does 86 divide 5076666?
True
Is 41 a factor of 20312?
False
Is 552 a factor of 618240?
True
Does 14 divide 6237702?
False
Is 2 a factor of 29446?
True
Is 11876140 a multiple of 95?
True
Does 18 divide 25328?
False
Is 348 a factor of 342250?
False
Is 25864133 a multiple of 15?
False
Is 202132 a multiple of 4?
True
Is 51 a factor of 8902050?
True
Does 9 divide 8899?
False
Does 587 divide 84035?
False
Is 12 a factor of 66897?
False
Is 148051 a multiple of 23?
True
Is 11 a factor of 135685?
True
Is 6630513 a multiple of 35?
False
Is 13 a factor of 623549?
False
Is 30014526 a multiple of 201?
True
Is 20919946 a multiple of 55?
False
Does 11 divide 297253?
True
Is 31 a factor of 528767?
True
Does 25 divide 2308900?
True
Is 88 a factor of 10362067?
False
Is 402 a factor of 484008?
True
Does 67 divide 10141311?
False
Does 66 divide 8304303?
False
Is 3664573 a multiple of 79?
True
Is 598 a factor of 2032004?
True
Does 12 divide 2840328?
True
Is 89 a factor of 7199835?
False
Is 12432 a multiple of 5?
False
Is 24 a factor of 45120?
True
Is 461983 a multiple of 3?
False
Is 10 a factor of 892250?
True
Is 2539 a factor of 20684582?
False
Does 218 divide 1033583?
False
Is 203 a factor of 4248327?
False
Does 113 divide 296236?
False
Is 1866481 a multiple of 1185?
False
Is 199 a factor of 48954?
True
Is 4347444 a multiple of 422?
True
Is 3812286 a multiple of 164?
False
Does 55 divide 219560?
True
Does 40 divide 14283?
False
Is 130 a factor of 3888645?
False
Is 413748 a multiple of 3?
True
Is 149994 a multiple of 78?
True
Is 235 a factor of 22133945?
True
Is 28272 a multiple of 372?
True
Is 804561 a multiple of 1428?
False
Does 52 divide 1630556?
False
Is 725012 a multiple of 161?
False
Is 70 a factor of 9478553?
False
Is 11486902 a multiple of 742?
True
Is 6655008 a multiple of 49?
False
Is 132 a factor of 4207385?
False
Is 13287625 a multiple of 85?
True
Is 17 a factor of 77255?
False
Is 133 a factor of 125020?
True
Is 102652 a multiple of 68?
False
Is 13 a factor of 150388?
False
Does 47 divide 69137?
True
Does 10 divide 2947200?
True
Is 294840 a multiple of 81?
True
Is 43792 a multiple of 184?
True
Does 9 divide 383292?
True
Is 333732 a multiple of 29?
True
Is 639 a factor of 4452552?
True
Is 22 a factor of 1013?
False
Is 628852 a multiple of 30?
False
Does 8 divide 2115690?
False
Does 88 divide 23181653?
False
Is 34 a factor of 966171?
False
Is 2052528 a multiple of 12?
True
Does 21 divide 4116252?
True
Is 37 a factor of 589336?
True
Is 208636 a multiple of 43?
True
Does 599 divide 188010?
False
Does 683 divide 1891295?
False
Does 22 divide 550132?
True
Is